1)/(-6))/7. Suppose m = 4*a - 18 - 26. What is the remainder when 32 is divided by a?
10
Suppose -4*g + 0*v + 186 = -v, -4*g + 4*v + 180 = 0. Suppose 4*j + h - 244 = 0, g = j - 2*h - 14. What is the remainder when j is divided by 9?
7
Let z = -440 + 444. Let t(n) = -3*n**3 + 4*n - 1. Let u(a) = -2*a**3 + 3*a - 1. Let h(w) = -4*t(w) + 5*u(w). What is the remainder when h(2) is divided by z?
1
Let f(d) = d**2 - 6*d - 8. Let v be f(7). What is the remainder when 110 is divided by (-4)/((14/(-147))/(v/(-3)))?
12
Let r = 1988 + -1037. Calculate the remainder when r is divided by 119.
118
Let y be (16/(-6))/(-1 - (-2)/6). Suppose -y*n = -4*g + 68, 4*n + 10 = 2*n. Calculate the remainder when g is divided by 7.
5
Let v(f) = 2*f**2 - 5*f + 2. Let b = 91 + -50. Let h = b - 14. Calculate the remainder when h is divided by v(4).
13
Let w(u) = 124*u + 1016. Suppose 3*v - 7*v = -56. What is the remainder when w(-8) is divided by v?
10
Suppose 0 = -3*y - 2*r + 103, -2*y - 4*r + 0 + 58 = 0. What is the remainder when 123 is divided by y?
12
Let h = -77 + 71. What is the remainder when 57 is divided by (-4 - -5 - (-16)/(-6))*h?
7
Let f(j) = j**2 - 6*j - 5. Suppose -4*w - 5*s = -53, -2*w - 20 = -7*w + 3*s. Let c = 38 - w. Calculate the remainder when c is divided by f(8).
9
Let u(z) = -z**3 + 22*z**2 - 2*z + 50. Suppose 5*g - 4*m = 49 + 45, 2*g - 2*m = 36. Calculate the remainder when u(g) is divided by 2.
0
Let v(f) = -57*f + 4. Let w(h) = 2*h + 4. Calculate the remainder when v(-2) is divided by w(8).
18
Suppose -3*x + 4*x - 74 = 0. Suppose 11 = f - x. What is the remainder when f is divided by 22?
19
Suppose -t + 4*h = -223, 30*t = 28*t + 5*h + 443. What is the remainder when t is divided by 36?
3
Let b(c) = -49*c**3 - 17*c**2 - 17*c. What is the remainder when 120 is divided by b(-1)?
22
Suppose 4*n - 20 = -4*k, -k + 2*n = -0*n - 5. Suppose k*w - 221 = -2*j, 4*w - 65 = 4*j - 577. Calculate the remainder when j is divided by 1/(2*2/124).
30
Let s be (-9)/(-27) - 152/(-3). Let g = s + -7. What is the remainder when g is divided by (-852)/(-54) - 6/(-27)?
12
Let m = 1331 - 156. Calculate the remainder when m is divided by 19.
16
Let x(n) = 12*n - 13. Let f(q) = -2*q + 1. Let w(a) = 4*f(a) + x(a). Suppose 8*i - 25 = 3*i. What is the remainder when w(i) is divided by 3?
2
Let l = 513 - 337. Calculate the remainder when l is divided by 36.
32
Let k(c) = -c**3 - 11*c**2 - 5. Let x be k(-11). What is the remainder when 57 is divided by x*(1 + -2 + -2)?
12
What is the remainder when 353/7 + (-268)/(-469) is divided by (52/(-10))/((-1)/5)?
25
Let a = 18 - 9. Suppose t - 113 - 3 = -5*b, 3*b = -t + 68. What is the remainder when b is divided by a?
6
Let h(i) = -2*i**3 + 4*i**2 + 65*i + 2. What is the remainder when 76 is divided by h(-5)?
22
Suppose u + 3*u - 4 = 0. Let a = u - -109. Let r = -17 + 45. What is the remainder when a is divided by r?
26
Suppose 0 = -39*m + 112 + 2657. What is the remainder when 197 is divided by m?
55
Let i(c) = -2*c**2 + 12*c - 5. Let y be i(5). Suppose 4*q + 218 = y*j, -j + 5*q = -3*j + 107. Calculate the remainder when j is divided by 16.
14
Let u(w) = 11*w - 15. Let o(n) = n**3 + n**2 + n + 9. Let t be o(0). Calculate the remainder when u(t) is divided by 29.
26
Let k = -1529 - -2158. What is the remainder when k is divided by 127?
121
Let y be (0 - 3) + (-3)/(5 - 6). Suppose -3*d + 4*b + 310 = y, d - 2*d + b + 102 = 0. Calculate the remainder when d is divided by 20.
18
Let m(i) = -i**2 - 13*i - 36. Let u be m(-5). Suppose u*z = 33 - 5. Calculate the remainder when 44 is divided by z.
2
Suppose -16*v + 11*v + 3*x = -223, 2*v - 98 = -x. What is the remainder when 155 is divided by v?
14
What is the remainder when 134 is divided by 2/((-3)/((-702)/(-456)) + 2)?
17
Let s(z) = -4*z**2 + 43*z - 34. What is the remainder when s(7) is divided by 13?
6
Suppose 4*g - 441 + 21 = 0. What is the remainder when g is divided by 58?
47
Let o(y) = y**3 + 5*y**2 - 11*y + 18. What is the remainder when 78 is divided by o(3)?
21
Suppose 4*s + 131 = 4*r - 65, 33 = r - 5*s. Calculate the remainder when r is divided by 28/(-10)*(-43 + 38).
11
Let v be 44*(1 - 9/6). Let l = v - -22. Suppose l = 5*t + 3 - 83. Calculate the remainder when 47 is divided by t.
15
Let c = 13 - -55. What is the remainder when c is divided by (27/(-2))/((-1)/(-4)*-3)?
14
What is the remainder when 27/45 + (-372)/(-5) is divided by 40?
35
Let g(m) = m**3 - 18*m**2 + m - 6. Let y be g(18). Let b = 17 - y. Suppose -b*h - 3*h + 208 = 0. Calculate the remainder when h is divided by 7.
5
Suppose -5*z + 66 = -3*z. Let b be 205 - (2 - 7 - -4). Suppose -5*s + 4*x = -480, 5*s + 2*x - b = 274. Calculate the remainder when s is divided by z.
30
Let h be (2 - -2)/(1/28). Let j be 6/2 - h/(-2). Suppose 0*a - 22 = -2*g + a, -3*g - 5*a = -j. Calculate the remainder when 36 is divided by g.
10
Suppose 3*z = -4*u + 336, 0 = 5*z + 4*u - 66 - 478. Calculate the remainder when z is divided by 27/(2/6*3).
23
Calculate the remainder when 47 is divided by (2/6)/(7/21).
0
Let z = 941 - 929. Calculate the remainder when 49 is divided by z.
1
Let p(s) = -2*s**2 + 21*s - 18. Let r be p(12). Let x = r + 81. What is the remainder when 133 is divided by x?
25
Suppose 0 = -2*l + 22 + 4. Let c be 4/(-3)*-15*(-150)/24. What is the remainder when c*(2/(-1) + (-8)/(-5)) is divided by l?
11
Let s = -36 - -124. Calculate the remainder when ((-3)/(-6))/(2/s) is divided by -1 + 15 + 36 + -38.
10
Suppose -5*u - 5*l + 170 = 0, 2*u + l - 27 = 37. Let p(d) = 2*d**2 - 2. What is the remainder when u is divided by p(-3)?
14
Let o(u) = -u + 19. Let w be (-78)/(-12) + (-9)/6. Suppose -93 + 38 = -w*a. What is the remainder when 29 is divided by o(a)?
5
Let c = 405 - 389. Calculate the remainder when 255 is divided by c.
15
What is the remainder when 328 is divided by (-593)/(-7) + 10/(-14)?
76
Let x = 1226 - 950. What is the remainder when x is divided by 91?
3
Suppose -t + 39 = 3*i, 0 - 39 = -3*i + 2*t. What is the remainder when 140 is divided by i?
10
Let s = -49 + 29. Suppose 5 = -b - 4. Let c = b - s. Calculate the remainder when 43 is divided by c.
10
Let b(k) = -k**2 - 15*k - 12. Let m be b(-11). Suppose -f + 5*f = m. Calculate the remainder when f is divided by 3.
2
Let c = -71 - -130. Let n = c + -42. Calculate the remainder when (-1)/2 + (-303)/(-6) is divided by n.
16
Let b(r) be the first derivative of r**2/2 + 17*r - 5. Let s(g) = 5*g + 68. Let h(p) = 9*b(p) - 2*s(p). Calculate the remainder when 9 is divided by h(14).
0
Let n = -17 + 21. Let h = 77 - n. What is the remainder when h is divided by 19?
16
Suppose 5*b - 218 = -r, -4*r + 3*b = -266 - 629. What is the remainder when r is divided by 57?
52
Suppose 398 + 646 = 116*t. Calculate the remainder when 25 is divided by t.
7
Let i be (-4)/1 - (-40 + 48). Let z(w) = -w**2 - 4*w - 3. Let h be z(-2). What is the remainder when 17 is divided by -14 - -10 - (i - h)?
8
Suppose t - 4*p + 16 = 0, 0 = 5*t + p - 4 - 0. Suppose 3*r - 39 - 15 = t. Calculate the remainder when 70 is divided by r.
16
Suppose 4*x + 16 = 0, -5*u - x = -3*x - 33. Suppose -4*c - 32 = 5*i, -3*c - u*i - 21 = 8. Calculate the remainder when 117 is divided by 40/(-12)*27/c.
27
Let i(o) = -o**3 - 78*o**2 - 295*o + 214. What is the remainder when i(-74) is divided by 73?
67
Let b be (0/(-4 + 6))/1. Suppose -4*n + 0*t = 3*t - 17, 5*n + 5*t - 15 = b. Calculate the remainder when 38 is divided by n.
6
Suppose 5*g - 51 = -2*w, -40 = -5*g + 2*w + 19. Suppose 51 = 2*j - 5*a, 2*a + 118 = 5*j - 20. What is the remainder when j is divided by g?
6
Let x = 9 + -5. Suppose -6*v + x*v = 0. Suppose -2*q = -4*h - v*q + 26, 11 = h + q. Calculate the remainder when 30 is divided by h.
6
Let d(b) = 35*b + 4. Let y be d(1). Calculate the remainder when 39 is divided by (-275)/(-13) - 6/y.
18
Suppose -5*j + 10 - 5 = 0. Let h be 0*(-2 - 3/(-1)). Suppose u - 6 = -3*u - o, h = 2*o - 4. Calculate the remainder when j is divided by u.
0
Suppose 0 = f + f - 42. Let v(w) = -w**2 + 29*w + 6. Let g be v(29). What is the remainder when (9/g)/(6/164) is divided by f?
20
Let w(m) = -m**3 + 10*m**2 - 10*m + 10. Let j be w(9). Suppose -7*p + 36 - j = 0. Suppose -22 = -6*q + 92. Calculate the remainder when q is divided by p.
4
Let 